6*z + 2 = 0. Let d = 10 - z. What is the tens digit of ((-1)/(-2))/(d/464)?
2
What is the tens digit of 5912 - (-1)/((-75)/(-35) + -2)?
1
Let j(m) be the first derivative of -15*m**2 - 22*m - 11. What is the hundreds digit of j(-8)?
2
Suppose 0 = 4*a - 3*y - 47, 2*a + 57 = 7*a - 2*y. Let f(d) = d**2 - 10*d - 10. What is the units digit of f(a)?
1
Let t = -69 - -104. Suppose -t = -l + 85. What is the tens digit of l?
2
What is the thousands digit of 1/(((-2)/(-3205))/((-36)/(-30)))?
1
Let r(a) = -a**2 + 26 - a + 17 + a**3 - 21. Suppose 0*x + 2*x = 0. What is the units digit of r(x)?
2
Let j = 1735 - 1106. Suppose -2*o - 502 = -6*o - 2*i, 5*o - j = -4*i. What is the hundreds digit of o?
1
What is the units digit of (-63850)/(-50) - (-3 - -8)?
2
Let g = -10 - -19. Let t = g + -1. Let o(y) = 4*y - 13. What is the units digit of o(t)?
9
Suppose 0 = -2*b + 3*b - 183. What is the tens digit of b?
8
Suppose 0 = -4*h + h - 4*k - 16, -12 = 4*h + 3*k. Suppose h = -2*o + 8, -4*o - 71 = -3*x - 9*o. Suppose x = 2*j - j. What is the units digit of j?
7
Suppose 0 = -3*s - u + 1580, 0 = -2*s - 18*u + 16*u + 1052. What is the units digit of s?
7
Let r be ((-1)/(-3))/(1/387). Let h = r - -115. What is the hundreds digit of h?
2
Let s be (-2)/(-10)*(-10)/(-4)*10. Suppose -s*t - f + 762 = 2*f, -608 = -4*t - 2*f. What is the tens digit of t?
5
Let b be 93/15 + 2/(-10). Let k be (b/4)/((-21)/(-28)). What is the tens digit of 23/k + (-6)/4?
1
Suppose 0 = -8*y + 5*y + 24. Let j = y - -160. Suppose 0 = 7*o - o - j. What is the tens digit of o?
2
Let s(p) be the second derivative of p**3/2 + p**2/2 + p. Let g be s(-2). Let f = 8 + g. What is the units digit of f?
3
Suppose -3*f = 3521 - 11108. What is the units digit of f?
9
Let b = -205 + 270. What is the tens digit of b?
6
What is the hundreds digit of 1*1563/8 - (-138)/(-368)?
1
Let b be 2*9/(72/20). Suppose -5*f = -u - 8, 3*f - 2*f = -3*u + 40. Suppose b*x = u + 218. What is the tens digit of x?
4
Let q(i) = -i**3 - 5*i**2 - i - 2. Let a be q(-5). Suppose -2*j = -3*j + 5. Suppose 3*r + 5*l - 64 = 0, a*r - j*l - 76 = r. What is the units digit of r?
8
Suppose -4*c + 12 = u, c + 5 + 9 = 4*u. Let y(t) = u*t - t - t. What is the units digit of y(7)?
4
Let u(f) = 28 - 30 - f**2 - 28*f**3 - 2*f - 69*f**3. What is the tens digit of u(-1)?
9
Let z = 1363 + -742. What is the tens digit of z?
2
Suppose 0 = -4*w + 4*r - 12, 3*w - 5*w - 2 = 2*r. Let x be w/18 + 6/54. What is the units digit of (-4 - -3 - x) + 13?
2
Let d(a) = a**3 + 4*a**2 + 2. Let r be d(-4). Suppose p = -2 - r. What is the tens digit of (-4)/16*p + 25?
2
Let s(r) = -2*r**3 + 2*r**2 - r - 4. Let f be s(4). Let i = f + 188. What is the units digit of i?
4
Let v be (-18)/(-15)*15/6. Let p be v + -8 + 0 + 0. What is the units digit of (p - -2)/(3/(-69))?
9
What is the units digit of (-16)/(12 - 4) - 38*-24?
0
Suppose -7683 = 16*u - 29*u. What is the tens digit of u?
9
Let b(j) = -j + 13. Let h = 23 - 12. Let d be b(h). Suppose 0 = 2*f + d*f - 2*z - 74, f = -3*z + 36. What is the units digit of f?
1
What is the hundreds digit of (2241/(-12))/(6/(-24))?
7
Suppose -12*h - 20 = -17*h. Suppose 3 - 2 = -r, -h*r + 4 = 4*d. What is the units digit of d?
2
Let h be 45/25 + 4/(-5). What is the units digit of 3/h*(4 + 3)?
1
Let n be (-2)/(55/15 - 4). What is the units digit of 1671/15 - n/15?
1
Suppose -32*m + 38753 = -31615. What is the tens digit of m?
9
Let p(l) = -9*l**2 + l + 1. Let j be p(2). Let t = 32 + j. What is the units digit of (-4)/(-2)*(-34)/t?
8
Let y(a) = -4*a**2 - 220*a + 29. What is the tens digit of y(-28)?
5
What is the units digit of (-126)/(2*1)*(157 + -159)?
6
Suppose -5*p - 4*j - 121 = -0*j, -3*p - 79 = 4*j. Let h = p + 42. Let n = 22 + h. What is the units digit of n?
3
Let g = -413 + 659. What is the hundreds digit of g?
2
Let c = -118 - -187. Suppose -7*a = -29 - 6. Suppose -a*s + 4*o = 3*o - 91, 0 = -4*s - 3*o + c. What is the tens digit of s?
1
Let c(j) = 65*j - 1. Let p be c(5). Suppose 5*t + 3*h = p, 3*t - 64 = -h + 132. What is the tens digit of t?
6
Suppose -p = -v - 2029, -4*p + 2*p - 5*v = -4030. What is the hundreds digit of p?
0
Let b be ((-6)/(-4))/(9/12). Suppose 0 = -b*j + 2*a + 2*a + 282, a = 5*j - 669. What is the tens digit of j?
3
Let f be -1 - (16 - 12/4). Let s = f - -14. Suppose 0 = -v, 0*a - 5*a + 2*v + 25 = s. What is the units digit of a?
5
Suppose -s = 4*b - 2181, -34 = 5*b - 4*s - 2755. What is the tens digit of b?
4
Let z(x) be the second derivative of x**5/20 + x**4/3 - x**3/2 - x**2/2 + 6*x. Let m be z(-5). Let f = 12 + m. What is the units digit of f?
1
Let f(h) = -h**2 - 6*h + 0*h**2 + 15*h + 12 - 5. Let b be f(11). What is the units digit of 200/(-12)*18/b?
0
Let r be (3680/(-45) - (-2)/(-9)) + -2. Let p = 151 + r. What is the tens digit of p?
6
Let m be (-3)/(-2 + 65/30). What is the tens digit of (-6175)/(-117) + (-4)/m?
5
Let l = 306 - -8. Suppose 0 = 2*t + 2*k + 132 - 434, 4*k + l = 2*t. What is the tens digit of t?
5
Suppose -7*y - 4*y = 55. Let w(o) = 9*o**2 + 15*o + 21. What is the hundreds digit of w(y)?
1
Let c(j) = -j**3 + 17*j**2 + 23*j - 20. Suppose y - 35 = s, 4*y - 104 = 2*s + 44. Let t = 57 - y. What is the tens digit of c(t)?
7
Let t(h) = 3*h - 147. Let f(k) = 3*k - 147. Let d(b) = 3*f(b) - 4*t(b). Let y be d(0). Suppose -4*x - m - 33 = -5*x, -5*x - m = -y. What is the tens digit of x?
3
Let b be 1/(5/160*-2). Let a(o) = -o**3 - o - 38. Let r be a(0). Let p = b - r. What is the tens digit of p?
2
Let f = 2 + 0. Let o = -58 + 61. Suppose -2*g = -o*v + 18, 9 + 1 = v - f*g. What is the units digit of v?
4
Let t(u) = -2*u**2 + 7*u - 6. Let y be t(5). Let x = y - -24. Suppose -w = 4*c - 0*w - 202, -w = -x*c + 148. What is the units digit of c?
0
Let u(w) = -w**3 - w**2 + 4*w - 5. Let g be u(-4). Let s = 107 + g. What is the units digit of s?
4
Suppose 0*c + 2*c - 70 = -3*y, 90 = 4*y + 2*c. Let a = 20 - y. Suppose -n + 4*h + 55 = a, -n + 6*n + 3*h - 183 = 0. What is the units digit of n?
9
Suppose 4*v - 5*r - 675 = 1825, -2*v - 2*r = -1232. What is the tens digit of v?
2
Suppose -4*b + 0*b = -20. Suppose -5*m + 605 = b. What is the hundreds digit of m?
1
Let w(l) = -27*l + 28. Let h(p) = p. Let n(i) = -6*h(i) - w(i). What is the units digit of n(5)?
7
Let x(v) = -12*v**2 - 2. Let z be x(2). Let r = -15 - z. What is the tens digit of r?
3
Let z be 22/6 - (40/(-12) + 4). Suppose -3*g + 155 + 224 = 2*h, z*h = g + 552. What is the tens digit of h?
8
Let y be 9/((-36)/(-16)) - 2. Suppose y*g - 10*g + 24 = 0. Suppose -3*t - c - 61 + 207 = 0, 0 = 2*t - g*c - 90. What is the units digit of t?
8
Suppose 0 = 3*w - 184 - 68. Let x = w - 54. What is the tens digit of x?
3
Let o(n) = 9*n + 15. Let s(l) = 1. Let w(g) = o(g) - 4*s(g). What is the units digit of w(5)?
6
Suppose 108*a = 102*a + 7224. What is the hundreds digit of a?
2
Let g(f) = -7*f + 5. Let l be g(2). Let n be (0 + -1)/(3/l). Let b = 21 - n. What is the tens digit of b?
1
Suppose -5*t + 5534 = i, 4*i - 11273 - 10914 = -3*t. What is the tens digit of i?
4
What is the tens digit of ((-3141)/27)/((-10)/300)?
9
Let v(i) = i**2 - 3. Let r be (-41)/(-13) + 16/(-104). Let m be v(r). Suppose 0 = -d + m*d - 15. What is the units digit of d?
3
Let r = 0 + 2. Suppose s = r*a - 104 - 76, -a + 2*s = -90. What is the tens digit of a?
9
Let x(p) be the second derivative of 4*p**3/3 - 5*p**2/2 - 3*p. Suppose 11*j - 47 - 8 = 0. What is the tens digit of x(j)?
3
Suppose v - 2*v + 5 = 0. Let a(g) be the first derivative of 2*g**2 + g - 30. What is the tens digit of a(v)?
2
Suppose 96*r - 121*r + 975 = 0. What is the tens digit of r?
3
Suppose 0 = -5*w + 275 - 0. What is the tens digit of w?
5
What is the thousands digit of (1/(-12) - (-13)/12)*1294?
1
Let t be -3 + 3 + -4 + 2. Let o be -2 + 3 + t - -4. Suppose 0*m + o*m - 2*b = 53, 0 = -5*m - b + 71. What is the tens digit of m?
1
Let a be 177/2*(-18 - -24). Let u be 2/(-7) - a/(-21). What is the tens digit of (u - 5)/((-3)/(-3))?
2
Suppose 3*g - 330 - 1 = 4*h, -g + 3*h + 107 = 0. What is the units digit of g?
3
Let x(b) = -2*b**3 + 6*b**2 + 4*b - 10. Let f be x(6). What is the units digit of f/(-22) - -3*(-4)/66?
9
Let n = 3944 - 1934. What is the thousands digit of n?
2
Suppose 0 = -3*o + 106 + 290. What is the tens